*2 + 14*u - 21. Let w be 637/(-65) - (-1)/(-5). Let y be h(w). What are the prime factors of 4/4 - 3 - y?
59
Let a be (-36)/54 + 1606/6. Let g = 1431 - a. What are the prime factors of g?
2, 3, 97
Let u = -213 - -216. Let o = 153 - u. What are the prime factors of o?
2, 3, 5
Suppose 13*r = 245271 + 97799. List the prime factors of r.
2, 5, 7, 13, 29
Suppose 2 - 18 = -5*w - m, -4*m = -4*w + 32. Let b be ((-6)/2 + w)*(26 - 0). Suppose b*a - 25 = 21*a. What are the prime factors of a?
5
Let b(k) = 69*k - 3. Let r(l) = l + 5. Let v(p) = 2*p. Let o be v(-2). Let h be r(o). List the prime factors of b(h).
2, 3, 11
Let m(d) = -2*d + 19. Let u = 91 + -83. Let t be m(u). Suppose 2*p + 176 = 3*f - t*p, 0 = 3*p + 12. List the prime factors of f.
2, 13
Let g(n) = 52*n**2 + 39*n - 258. What are the prime factors of g(11)?
23, 281
Suppose 2*d + 6 = -5*r, r - 21 = -23. Suppose -d*i - 367 = q - 4514, -2*q = -5*i + 10372. List the prime factors of i.
2, 17, 61
Let k(t) = t**3 - 12*t**2 - 3*t - 205. What are the prime factors of k(35)?
5, 5573
Suppose 59*j - 325*j + 13771086 = 0. List the prime factors of j.
3, 17257
Suppose -30*b + 12 = -27*b. Suppose b*l - p - 321 = 243, -4*l = -2*p - 568. Suppose g = 3*d + 140, g - d - l = 10. What are the prime factors of g?
5, 31
What are the prime factors of ((-2)/5)/(702910/(-78100) - -9)?
2, 11, 71
Suppose 0 = u + 4*j - 161, 0*u + 3*j = 2*u - 267. Suppose -200*y + 204*y + a = 7, 5*a - 17 = -2*y. What are the prime factors of (9 - u)*(y + -3)?
2, 3, 11
Suppose -62*f + 49*f - 689 = 0. Suppose 0 = -5*s - 0*s - 130. Let p = s - f. What are the prime factors of p?
3
Suppose 0 = -10*j + 15*j - 570. Suppose j = 6*f - 0*f. Suppose 0 = f*m - 25*m + 576. What are the prime factors of m?
2, 3
Let u(v) = -676*v - 12084. List the prime factors of u(-124).
2, 5, 17, 211
Let d be (170/(-102))/(2*(-1)/(-72)). Let x = d - -86. Suppose 2*y - x = 74. List the prime factors of y.
2, 5
Suppose 4*n - 5 = 3*x - 14, 4*x = -3*n + 12. Suppose 3*m - 2*f - 1386 = 0, m + n*m = -4*f + 476. What are the prime factors of m?
2, 29
Let p = -1301 - 432. Let u = -1074 - p. List the prime factors of u.
659
Let o = 214 - -5208. What are the prime factors of o?
2, 2711
Suppose 259 = 14*n - 777. Let c = n + 40. List the prime factors of c.
2, 3, 19
Let d(x) be the first derivative of x**3/3 - 15*x**2/2 + 9*x - 1. Suppose -6*f + 5*f - 176 = -12*f. What are the prime factors of d(f)?
5
Suppose -89*y + 275979 = -400270 + 44883. What are the prime factors of y?
2, 3547
Suppose -2212*n + 2289*n = 3262721. List the prime factors of n.
42373
Suppose -3*u = -2*u + 3*h - 883, -4415 = -5*u - h. Let d = 1011 - u. List the prime factors of d.
2
Suppose 0 = -4*g + d - 3265, -4*g + 4*d - 2017 = 1263. Let i = -402 - g. List the prime factors of i.
7, 59
Let j be 0 + -759 - (-5 + 4). Let s be j/(-16) + 48/(-128). Suppose -4*h = -117 - s. List the prime factors of h.
41
Let y be 20/(-3)*(-384)/40. Let p(n) = -36*n + y*n - 29*n + 65*n**2 + 81*n**2. List the prime factors of p(1).
5, 29
Suppose -2*u + 317 = 227. Let c = 304 + u. List the prime factors of c.
349
Suppose 0 = -m + 5, 3*v + 4*m - 246 + 1504 = 0. Let q = -230 - v. Suppose u + 0*n - 192 = -n, u + 3*n = q. List the prime factors of u.
2, 5, 19
Suppose 5*l + 10 = -15. Let c be 2 + 0 - (-245)/l*-1. Suppose b - 52 = -p, -3*b + 212 - c = -2*p. List the prime factors of b.
53
Let p be -39*((-22)/33)/((-1)/(-3)). Suppose 501 = 3*g + p. Suppose -473 = -3*q + 2*h, -2*q - 4*h = -3*q + g. List the prime factors of q.
7, 23
Suppose 4*r - 598 = -z, -2*r - 594 = -6*r - 3*z. Suppose -2*h + r = h. Let t = 85 - h. What are the prime factors of t?
5, 7
Suppose -4*a + 18 = 2*i, a + 3*a - i - 21 = 0. Suppose 3*b + 115 = -5*o - 77, 0 = -a*b - 3*o - 304. Let c = b - -70. List the prime factors of c.
11
Let h = -411 + 905. Let k = h - 249. What are the prime factors of k?
5, 7
Suppose 176 = -4*s - 3*j - 2*j, 4*s - 4*j + 140 = 0. Let a = -31 - s. Suppose 2*t = -a, 4*t - 376 = -4*y + 2*y. What are the prime factors of y?
2, 7
Suppose -4*v = 6*m - 3102, -3*m + 2393 = v + 842. List the prime factors of m.
11, 47
Let s = 6847 - 4220. List the prime factors of s.
37, 71
What are the prime factors of (5 + 1232/48)/(4/66)?
2, 11, 23
Suppose 2*y = -3*f + 35236 - 3976, 78129 = 5*y + 4*f. List the prime factors of y.
3, 41, 127
Let l be 2/4*(14 - 14). Suppose l = -0*u + 16*u - 6112. Suppose -5*o + 570 = 4*w, 36 + u = 3*w - o. List the prime factors of w.
2, 5, 7
Let u(r) = 2*r + 6. Let o be u(6). Let c be (18 - (-8 + 3)) + -1. List the prime factors of c*4 - (15 - o).
7, 13
Let q be ((-72)/(-28))/((-6)/(-476)). Suppose 3*r - 192 = 3*w - w, 2*w = -3*r + q. What are the prime factors of r?
2, 3, 11
Suppose 7*z + 0*z = 35. Suppose 5*o = z*n + 50, 2*n - o = -3*n - 50. List the prime factors of ((-5)/2)/(n/100).
5
Let c = 868 - 874. Let t(i) be the second derivative of -7*i**3/3 + 3*i**2 + 2*i. List the prime factors of t(c).
2, 3, 5
Let n(o) = 23*o**2 - 18*o - 65. What are the prime factors of n(17)?
2, 3, 523
Suppose -9*m - 2906 = -6*m - 4*p, 4*m = 5*p - 3873. Let s = -872 - m. What are the prime factors of s?
2, 3, 5
Suppose -3637 = -12*o + 7643. Suppose -4*d = -3*i - 3475, -3*i + o = d + 60. List the prime factors of d.
13, 67
Let m = -240 + 644. Let t = m + -149. Let y = t + -172. List the prime factors of y.
83
Let c = 47854 - 24942. List the prime factors of c.
2, 179
Let x(g) = -308*g - 6870. What are the prime factors of x(-96)?
2, 3, 13, 97
Let c be 0 + -91 + 0/(-1). Let w(m) = -47*m - 187. Let z be w(-10). Let d = c + z. What are the prime factors of d?
2, 3
Let d be (-3446)/(-10)*2 - 381/1905. Suppose r = d + 520. List the prime factors of r.
3, 13, 31
Let s(q) = -q**3 + 31*q**2 - 54*q - 238. List the prime factors of s(26).
2, 11, 79
Let y be 889/14*-24 + -2 + 1. Let k = -1083 - y. List the prime factors of k.
2, 13, 17
Suppose 2*d + 325 = -15. Let p = d + 266. Suppose p = 6*t - 162. List the prime factors of t.
43
What are the prime factors of (5276/(-1))/(30/(-15) + 0)?
2, 1319
Suppose 1858 - 1846 = 6*a. Let b be 4/6*(3 - -3). Suppose 5*f = a*q + 1, q - b*f = 3 - 8. List the prime factors of q.
7
Suppose -9*t = -13*t - 12. Let i(r) = r**2 + 10*r + 21. Let h be i(t). Suppose -19*l + 9*l + 1660 = h. List the prime factors of l.
2, 83
Let k(x) = x**3 - x**2 + 3. Let c be k(0). Suppose 0 = a + 1, 0*t + 5*t - c*a = 543. List the prime factors of t.
2, 3
Let l = 1969 + 1016. List the prime factors of l.
3, 5, 199
Let r = -6788 + 12403. List the prime factors of r.
5, 1123
Let y be (0 + 102)/((-9)/(-57)). Let t = 1316 - y. What are the prime factors of t?
2, 5, 67
Let l be 8 + 3*(-2)/3. Suppose -l*m = -m - 10. Suppose -5*t + 189 = -2*n, 0*t = 3*t + m*n - 107. What are the prime factors of t?
37
Let l = -1889 + 3377. List the prime factors of l.
2, 3, 31
Let r be 6/4*(1 - (-754)/6). Let a = r + 189. List the prime factors of a.
379
Let i = -344 - -577. Suppose 12*z - 175 - i = 0. What are the prime factors of z?
2, 17
Let f(j) = 334*j**2 + 4*j - 2. Let o be f(1). Suppose 44*b - o = 41*b. What are the prime factors of b?
2, 7
Suppose -54 - 36 = -10*f. Suppose 29 + 16 = f*u. Suppose u*v = 10 - 5, v + 404 = 3*p. List the prime factors of p.
3, 5
List the prime factors of (1 + -7)/((-21)/18557).
2, 11, 241
Let y(l) = -2*l + 28. Let m(r) = -4*r + 56. Let o(p) = 3*m(p) - 7*y(p). Let g be o(15). Suppose -g*q + 32 = -98. What are the prime factors of q?
5, 13
Suppose 787 = -14*p + 227. Let y be (p/(-16) - 4)/(3/(-4)). Suppose y*n - 494 = -2*h, n + 0 = -3. List the prime factors of h.
2, 5
Let m(q) = 2*q**3 + 144*q**2 + 146*q - 103. List the prime factors of m(-69).
7, 37, 71
Suppose -2*n + 21014 = 3*j - 1851, n + j - 11435 = 0. List the prime factors of n.
2, 5, 11, 13
Let s(t) = 9*t + 9. Let i be s(3). Let u = -33 + i. Suppose u*x = 4*x - 1, -2*y - 5*x + 131 = 0. List the prime factors of y.
3, 7
Let v(u) = -u**3 - u**2 - u - 2. Let i be v(-3). Suppose 565*b - 756 = 551*b. Let c = b - i. What are the prime factors of c?
5, 7
Let a = -25435 - -50020. What are the prime factors of a?
3, 5, 11, 149
List the prime factors of (7 + (-3689)/21)*(-50 - -2).
2, 11, 23
Let q be (-260)/8*168/(-4). Suppose 6*z + z = q. List the prime factors of z.
3, 5, 13
Let t